{"id":325,"date":"2024-11-04T19:13:12","date_gmt":"2024-11-04T16:13:12","guid":{"rendered":"http:\/\/esabilgisayar.com.tr\/?page_id=325"},"modified":"2024-11-04T19:13:13","modified_gmt":"2024-11-04T16:13:13","slug":"guvenlik-urunleri-hizmetleri","status":"publish","type":"page","link":"http:\/\/esabilgisayar.com.tr\/index.php\/guvenlik-urunleri-hizmetleri\/","title":{"rendered":"G\u00fcvenlik \u00dcr\u00fcnleri Hizmetleri"},"content":{"rendered":"\n<h1 class=\"wp-block-heading has-text-align-center has-colibri-color-1-color has-text-color has-link-color wp-elements-e48de2c98e1076f3fdce7758faefee54\">G\u00fcvenlik \u00dcr\u00fcnleri Hizmetleri<\/h1>\n\n\n\n<p>Dijital \u00e7a\u011f\u0131n getirdi\u011fi olanaklarla birlikte, veri g\u00fcvenli\u011fi her zamankinden daha \u00f6nemli hale geldi. \u0130\u015fletmelerin kritik bilgilerini korumak, ba\u015far\u0131n\u0131n anahtar\u0131d\u0131r. Esa Bilgisayar, g\u00fcvenlik \u00fcr\u00fcnleri hizmetleri ile i\u015fletmelerin veri g\u00fcvenli\u011fini en \u00fcst seviyeye ta\u015f\u0131r, b\u00f6ylece i\u015f s\u00fcreklili\u011fini sa\u011flar.<\/p>\n\n\n\n<p><strong>G\u00fcvenlik Duvar\u0131 (Firewall) \u00c7\u00f6z\u00fcmleri<\/strong><\/p>\n\n\n\n<p>Esa Bilgisayar, en g\u00fcncel g\u00fcvenlik duvar\u0131 \u00e7\u00f6z\u00fcmlerini sunarak, i\u015fletmenizin d\u0131\u015f tehditlere kar\u015f\u0131 korunmas\u0131n\u0131 sa\u011flar.<\/p>\n\n\n\n<p><strong>Antivir\u00fcs ve Antimalware Uygulamalar\u0131<\/strong><\/p>\n\n\n\n<p>G\u00fc\u00e7l\u00fc ve etkili antivir\u00fcs \u00e7\u00f6z\u00fcmleri ile i\u015fletmenizin bilgisayarlar\u0131 ve a\u011f altyap\u0131s\u0131 s\u00fcrekli olarak koruma alt\u0131nda olur.<\/p>\n\n\n\n<p><strong>\u0130nternet ve E-Posta Filtreleme<\/strong><\/p>\n\n\n\n<p>Zararl\u0131 i\u00e7erikleri filtreleyerek, i\u015fletmenizin \u00e7al\u0131\u015fanlar\u0131na g\u00fcvenli bir \u00e7evre sunar.<\/p>\n\n\n\n<p><strong>G\u00fcvenlik E\u011fitimleri ve Dan\u0131\u015fmanl\u0131k<\/strong><\/p>\n\n\n\n<p>Esa Bilgisayar, personelinizi g\u00fcvenlik konular\u0131nda e\u011fiterek bilin\u00e7 d\u00fczeyini art\u0131r\u0131r ve olas\u0131 g\u00fcvenlik risklerini en aza indirir.<\/p>\n\n\n\n<p>Veri g\u00fcvenli\u011fi, i\u015fletmelerin sadece bir l\u00fcks\u00fc de\u011fil, ayn\u0131 zamanda bir zorunlulu\u011fudur. Esa Bilgisayar, uzman ekibi ve en son teknoloji \u00fcr\u00fcnleri ile g\u00fcvenlik \u00e7\u00f6z\u00fcmlerinde lider konumdad\u0131r. Bizimle ileti\u015fime ge\u00e7in ve verilerinizin g\u00fcvende oldu\u011fundan emin olun.<\/p>\n","protected":false},"excerpt":{"rendered":"<p>G\u00fcvenlik \u00dcr\u00fcnleri Hizmetleri Dijital \u00e7a\u011f\u0131n getirdi\u011fi olanaklarla birlikte, veri g\u00fcvenli\u011fi her zamankinden daha \u00f6nemli hale geldi. \u0130\u015fletmelerin kritik bilgilerini korumak, ba\u015far\u0131n\u0131n anahtar\u0131d\u0131r. Esa Bilgisayar, g\u00fcvenlik \u00fcr\u00fcnleri hizmetleri ile i\u015fletmelerin veri g\u00fcvenli\u011fini en \u00fcst seviyeye ta\u015f\u0131r, b\u00f6ylece i\u015f s\u00fcreklili\u011fini sa\u011flar. G\u00fcvenlik Duvar\u0131 (Firewall) \u00c7\u00f6z\u00fcmleri Esa Bilgisayar, en g\u00fcncel g\u00fcvenlik duvar\u0131 \u00e7\u00f6z\u00fcmlerini sunarak, i\u015fletmenizin d\u0131\u015f tehditlere kar\u015f\u0131 [&hellip;]<\/p>\n","protected":false},"author":1,"featured_media":0,"parent":0,"menu_order":0,"comment_status":"closed","ping_status":"closed","template":"","meta":{"footnotes":""},"class_list":["post-325","page","type-page","status-publish","hentry"],"_links":{"self":[{"href":"http:\/\/esabilgisayar.com.tr\/index.php\/wp-json\/wp\/v2\/pages\/325","targetHints":{"allow":["GET"]}}],"collection":[{"href":"http:\/\/esabilgisayar.com.tr\/index.php\/wp-json\/wp\/v2\/pages"}],"about":[{"href":"http:\/\/esabilgisayar.com.tr\/index.php\/wp-json\/wp\/v2\/types\/page"}],"author":[{"embeddable":true,"href":"http:\/\/esabilgisayar.com.tr\/index.php\/wp-json\/wp\/v2\/users\/1"}],"replies":[{"embeddable":true,"href":"http:\/\/esabilgisayar.com.tr\/index.php\/wp-json\/wp\/v2\/comments?post=325"}],"version-history":[{"count":0,"href":"http:\/\/esabilgisayar.com.tr\/index.php\/wp-json\/wp\/v2\/pages\/325\/revisions"}],"wp:attachment":[{"href":"http:\/\/esabilgisayar.com.tr\/index.php\/wp-json\/wp\/v2\/media?parent=325"}],"curies":[{"name":"wp","href":"https:\/\/api.w.org\/{rel}","templated":true}]}}