{"id":319,"date":"2024-11-04T19:03:30","date_gmt":"2024-11-04T16:03:30","guid":{"rendered":"http:\/\/esabilgisayar.com.tr\/?page_id=319"},"modified":"2024-11-04T19:10:23","modified_gmt":"2024-11-04T16:10:23","slug":"yazilim-lisanslama-hizmetleri","status":"publish","type":"page","link":"http:\/\/esabilgisayar.com.tr\/index.php\/yazilim-lisanslama-hizmetleri\/","title":{"rendered":"Yaz\u0131l\u0131m Lisanslama Hizmetleri"},"content":{"rendered":"\n<p class=\"has-text-align-center has-colibri-color-1-color has-text-color has-link-color has-large-font-size wp-elements-8a50248f73b9b28da8eb77f9cb279061\" style=\"font-style:normal;font-weight:800\"><strong>Yaz\u0131l\u0131m Lisanslama Hizmetleri<\/strong><\/p>\n\n\n\n<p><\/p>\n\n\n\n<p>\u0130\u015fletmelerin bilgisayar sistemleri, verimliliklerini art\u0131rmak ve i\u015f s\u00fcreklili\u011fini sa\u011flamak i\u00e7in vazge\u00e7ilmezdir. Bu sistemlerin \u00e7o\u011fu, g\u00fc\u00e7l\u00fc yaz\u0131l\u0131mlarla \u00e7al\u0131\u015f\u0131r.  Esa Bilgisayar, Microsoft, Adobe, Veeam gibi lider yaz\u0131l\u0131m sa\u011flay\u0131c\u0131lar\u0131n\u0131n lisanslama \u00fcr\u00fcn hizmetleri ile i\u015fletmelerin lisanslama sorunlar\u0131na son verir ve verimlili\u011fini art\u0131r\u0131r.<\/p>\n\n\n\n<p><strong>Microsoft Lisanslama Hizmetleri<\/strong><\/p>\n\n\n\n<p>Esa Bilgiayar, i\u015fletmelerin ihtiya\u00e7lar\u0131na uygun Microsoft lisanslama \u00e7\u00f6z\u00fcmleri sunar. Uzman ekibimiz, lisanslama s\u00fcrecini sorunsuz bir \u015fekilde y\u00f6netir.<\/p>\n\n\n\n<p><strong>Adobe Lisanslama Hizmetleri<\/strong><\/p>\n\n\n\n<p>Adobe Creative Cloud gibi kritik yaz\u0131l\u0131mlar\u0131n lisanslama i\u015flemlerini Esa Bilgisayar g\u00fcvencesi ile ger\u00e7ekle\u015ftiririz.<\/p>\n\n\n\n<p><strong>Veeam Lisanslama Hizmetleri<\/strong><\/p>\n\n\n\n<p>Esa Bilgisayar, Veeam gibi \u00f6nemli yedekleme yaz\u0131l\u0131mlar\u0131n\u0131n lisanslama s\u00fcrecini y\u00f6netir, veri g\u00fcvenli\u011finizi sa\u011flar.<\/p>\n\n\n\n<p><strong>Lisans Y\u00f6netimi ve Dan\u0131\u015fmanl\u0131k<\/strong><\/p>\n\n\n\n<p>Esa Bilgisayar, yaz\u0131l\u0131m lisanslar\u0131yla ilgili y\u00f6netim ve dan\u0131\u015fmanl\u0131k hizmetleri sunarak, i\u015fletmenizin b\u00fct\u00e7esini korur.<\/p>\n\n\n\n<p>Yaz\u0131l\u0131m lisanslama s\u00fcre\u00e7leri, i\u015fletmeler i\u00e7in kritik \u00f6neme sahiptir. Esa Bilgisayar, uzman ekibi ve sekt\u00f6r lideri yaz\u0131l\u0131m sa\u011flay\u0131c\u0131lar\u0131yla i\u015fletmelerin lisanslama ihtiya\u00e7lar\u0131na profesyonel \u00e7\u00f6z\u00fcmler sunar. Bizimle ileti\u015fime ge\u00e7in ve yaz\u0131l\u0131m lisanslama sorunlar\u0131na son vererek verimlili\u011finizi art\u0131r\u0131n.<\/p>\n","protected":false},"excerpt":{"rendered":"<p>Yaz\u0131l\u0131m Lisanslama Hizmetleri \u0130\u015fletmelerin bilgisayar sistemleri, verimliliklerini art\u0131rmak ve i\u015f s\u00fcreklili\u011fini sa\u011flamak i\u00e7in vazge\u00e7ilmezdir. Bu sistemlerin \u00e7o\u011fu, g\u00fc\u00e7l\u00fc yaz\u0131l\u0131mlarla \u00e7al\u0131\u015f\u0131r. Esa Bilgisayar, Microsoft, Adobe, Veeam gibi lider yaz\u0131l\u0131m sa\u011flay\u0131c\u0131lar\u0131n\u0131n lisanslama \u00fcr\u00fcn hizmetleri ile i\u015fletmelerin lisanslama sorunlar\u0131na son verir ve verimlili\u011fini art\u0131r\u0131r. Microsoft Lisanslama Hizmetleri Esa Bilgiayar, i\u015fletmelerin ihtiya\u00e7lar\u0131na uygun Microsoft lisanslama \u00e7\u00f6z\u00fcmleri sunar. Uzman ekibimiz, [&hellip;]<\/p>\n","protected":false},"author":1,"featured_media":0,"parent":0,"menu_order":0,"comment_status":"closed","ping_status":"closed","template":"","meta":{"footnotes":""},"class_list":["post-319","page","type-page","status-publish","hentry"],"_links":{"self":[{"href":"http:\/\/esabilgisayar.com.tr\/index.php\/wp-json\/wp\/v2\/pages\/319","targetHints":{"allow":["GET"]}}],"collection":[{"href":"http:\/\/esabilgisayar.com.tr\/index.php\/wp-json\/wp\/v2\/pages"}],"about":[{"href":"http:\/\/esabilgisayar.com.tr\/index.php\/wp-json\/wp\/v2\/types\/page"}],"author":[{"embeddable":true,"href":"http:\/\/esabilgisayar.com.tr\/index.php\/wp-json\/wp\/v2\/users\/1"}],"replies":[{"embeddable":true,"href":"http:\/\/esabilgisayar.com.tr\/index.php\/wp-json\/wp\/v2\/comments?post=319"}],"version-history":[{"count":0,"href":"http:\/\/esabilgisayar.com.tr\/index.php\/wp-json\/wp\/v2\/pages\/319\/revisions"}],"wp:attachment":[{"href":"http:\/\/esabilgisayar.com.tr\/index.php\/wp-json\/wp\/v2\/media?parent=319"}],"curies":[{"name":"wp","href":"https:\/\/api.w.org\/{rel}","templated":true}]}}